ppose 0 = -p - 2*j + 5481, -p - 13*j = -8*j - 5484. What are the prime factors of p?
5479
Let h be ((-18)/2)/((2/50)/(-1)). Let a = h + -144. What are the prime factors of a?
3
Let z = -1157 + 1713. List the prime factors of z.
2, 139
Suppose -3*u + 36 = 2*y + 13, 77 = 3*y - 4*u. Suppose 0 = -3*r - 16 + 1. Let m = r + y. List the prime factors of m.
2, 7
Let f = 3380 + -2281. What are the prime factors of f?
7, 157
Suppose 152*y - 155*y - 18755 = -5*b, 5*y + 7502 = 2*b. List the prime factors of b.
11, 31
Suppose -4*s - 5 = -m, -6*m + m + 2 = 3*s. Let t be -3*s/(-2 + 3). Suppose 5*r = 2*i + 155, 0 = r - t*r - 4*i + 62. What are the prime factors of r?
31
Let c be 2/9 - 58/18. Let j be c*(-3 - (-200)/(-12)). Suppose 10*a - 11*a + j = 0. What are the prime factors of a?
59
What are the prime factors of ((-92)/3)/(18/(-324))?
2, 3, 23
Let t be 0*(8/(-4))/2. Suppose -a = -2*l - t*a + 72, l = -5*a + 25. List the prime factors of l.
5, 7
Suppose 3*n - 5*l = 3940, -5*n - l + 6*l + 6570 = 0. What are the prime factors of n?
5, 263
Suppose 5*s + 25 = 0, 3*p - 5*p + 2*s + 16 = 0. Let f be 30/8 + (-2)/(-8). Let a = p + f. What are the prime factors of a?
7
Suppose -9 = 3*f - 3*n, -3*f + 3*n - 7 = f. Suppose f*w - 4*z = 6, -4*w + w + z + 34 = 0. Let d(x) = -x**2 + 15*x - 9. What are the prime factors of d(w)?
17
Let z(r) = -r**2 - 9*r + 17. Let p be z(-11). Let c(m) = -2*m**3 - m**2 + 8*m - 7. List the prime factors of c(p).
2, 89
Let j(h) = h + 58. Let k be j(13). Suppose k + 353 = 8*f. List the prime factors of f.
53
Suppose -16 = -k + 16. Let c be 9/(-24) - (-492)/k. Suppose 4*l + 5*r = 65, -4*r = -l + r - c. List the prime factors of l.
2, 5
List the prime factors of 3755/10 + (3 - (-20)/(-8)).
2, 47
Suppose 2*y - 11 - 12 = 3*d, 0 = -4*y - 5*d - 9. Let f = 26 + y. Suppose 0*p + f = 2*p. List the prime factors of p.
3, 5
Let d = 3559 - -221. List the prime factors of d.
2, 3, 5, 7
Let p = 36 + -36. Suppose p = 2*b - 4*b + 62. What are the prime factors of b?
31
Let a(r) be the third derivative of -r**5/60 + 11*r**4/12 + 19*r**3/6 - 16*r**2. List the prime factors of a(10).
139
Suppose -3*w + o = 1302 - 5206, -6484 = -5*w - 4*o. List the prime factors of w.
2, 5, 13
Let a(f) = 124*f**2 - 20*f + 37. List the prime factors of a(2).
17, 29
Suppose 9*f - 2344 = 2318. List the prime factors of f.
2, 7, 37
Suppose 4*r + 62 = 4*x + 3*r, 5*x = 2*r + 76. Let z = -13 + x. Suppose -z = q, -4*q - 28 = -i - 0*q. List the prime factors of i.
2
Let x be ((3 - -31) + 1)*(-120)/(-14). Let s = -159 + x. What are the prime factors of s?
3, 47
Let l be (-1 + -7 + 1)*42/(-49). Suppose -15 + l = -g. What are the prime factors of g?
3
Suppose h - 5*i = -829, 5*i - 1514 - 154 = 2*h. Let j = 1451 + h. What are the prime factors of j/30 - (-4)/(-10)?
2, 5
Suppose 0 = -d + 4, 3*d = 7*b - 5*b - 1100. List the prime factors of b.
2, 139
Let x be (-5 + 1)*(-9)/12. Suppose -x*h + 1 = -5. Suppose -h = 3*b - 4*b. List the prime factors of b.
2
Let l = -457 - -4104. What are the prime factors of l?
7, 521
Let b(s) = s**3 - 2*s**2 - 10*s - 30. What are the prime factors of b(11)?
13, 73
Let m = -37 - -13. Let n be 2/8 - 42/m. Suppose -n*a - 3*a + 130 = 0. What are the prime factors of a?
2, 13
Suppose -4*o = 347 + 153. Let d = 184 + o. What are the prime factors of d?
59
Suppose 3*u + 0*u = 45. Let l = 39 + u. List the prime factors of l.
2, 3
List the prime factors of 19/(95/7880) + 6.
2, 7, 113
Let r = -17 - 29. Let b = r + 147. List the prime factors of b.
101
Suppose -5*x = 2*t + 338 + 46, -x = t + 78. Let d = x - -117. What are the prime factors of d?
41
Suppose 2906 = 2*r - n + 3*n, 4*r - 5810 = -3*n. List the prime factors of r.
1451
Suppose 5*i = -0*i + 95. Suppose 4*x + 18 = 2*a, 2*x = a + a - 4. Let w = i - x. List the prime factors of w.
2, 13
Let d(b) = -80*b + 32. Let h be d(5). Let k = -246 - h. What are the prime factors of k?
2, 61
What are the prime factors of ((-2)/(6/(-561)))/((-1)/(-14))?
2, 7, 11, 17
Let o(p) = -p**3 + 23*p**2 - 33*p + 6. List the prime factors of o(18).
2, 3, 43
Let r be (2/(-3))/((-16)/48). Let m(a) = -a + 2*a**2 + 5*a**2 - 16 + a**r - 6*a**2. List the prime factors of m(-5).
3, 13
Let x(d) = -d**3 - 8*d**2 + 14*d + 23. Suppose 4*w = w - 30. List the prime factors of x(w).
83
Let x(j) = -j**2 - 10*j - 15. Let q = -7 + 11. Suppose q*y = -2*u - 2*u - 40, y + 4 = 0. List the prime factors of x(u).
3
Let r(s) = -86*s + 11. What are the prime factors of r(-10)?
13, 67
Let r = 15 + 27. Let q be -1 + (-3 - r/3). Let u = -13 - q. What are the prime factors of u?
5
Let v(n) be the first derivative of -n**4/4 - 4*n**3/3 - 5*n**2/2 - 3*n + 13. Let b be v(-3). Let k = b + 15. What are the prime factors of k?
2, 3
Let s = -45 + 15. What are the prime factors of 9*2*(-95)/s?
3, 19
Let s = -11 + 10. Let t be s - 1 - (-1 + -3). What are the prime factors of (3 - (t + -1))*1?
2
Suppose 0 = -3*i - 5*b + 1072, 2*i - 5*b = 868 - 120. What are the prime factors of i?
2, 7, 13
Let x(s) = s**2 - 13*s + 29. Let m be x(12). Let z = m - -30. List the prime factors of z.
47
Let o(p) = -p**3 + 8*p**2 - 2*p + 1. Let t be o(7). Suppose -t = -10*i + 6*i. What are the prime factors of i?
3
Suppose n = -4*n + 605. Suppose -n = 5*i + 19. What are the prime factors of 1/((-4 + 3)/i)?
2, 7
Let u = -713 - -2436. What are the prime factors of u?
1723
Suppose 0 = -18*v + 22*v - 4. What are the prime factors of (v + -118)/(-1 + 0)?
3, 13
Let x = 35 - -192. List the prime factors of x.
227
Suppose -7182 = 20*c - 17482. What are the prime factors of c?
5, 103
Let u = -1 + 3. List the prime factors of (81/(1 + u))/1.
3
Let t be (-6)/(-2 - (-2)/4). Suppose -14 = -a - 6*a. Suppose -t + 8 = a*g. What are the prime factors of g?
2
Let p = 984 - 642. List the prime factors of p.
2, 3, 19
Suppose -7*c = 5*u - 4*c - 2718, 3*u - 1658 = 5*c. List the prime factors of u.
2, 3, 7, 13
Let b(l) = -2*l**3 - 11*l**2 - 24*l - 2. What are the prime factors of b(-11)?
3, 59
List the prime factors of (357 + -1)*(-6)/(-12).
2, 89
Let r = 832 - 186. What are the prime factors of r?
2, 17, 19
Let b be 3/(-6)*3*414. Let y = b - -910. What are the prime factors of y?
17
Let p be ((-4)/3)/1*-3. Suppose 0*i + 2*i + 5*a - 23 = 0, p*i = -5*a + 41. What are the prime factors of i?
3
Let x = -12 - -24. List the prime factors of (-10 + x)/((-2)/(-73)).
73
Suppose 0 = -5*u - 0*u + 10. Suppose 4*h = -i + 13, -u*h - 4*i + 1 + 9 = 0. Suppose -r = h*r - 92. List the prime factors of r.
23
What are the prime factors of ((-4)/10)/((-75)/58500)?
2, 3, 13
Let i(r) = r + 3. Let t be i(-9). Let u(c) = 2*c**2 + 2. Let y be u(t). Suppose -w + y = 19. What are the prime factors of w?
5, 11
Let s(c) = -4*c + 22. Let y be s(7). List the prime factors of (8/10)/(y/(-1455)).
2, 97
Let n(d) = -1 - 7 - d + 1. Let g be n(-6). List the prime factors of (-1 + 1 + -7)/g.
7
Let s = 58 - 11. Let t = 66 - s. List the prime factors of t.
19
Let d(k) = k + 10. Let q be d(3). Suppose 0 = -2*p + q + 21. What are the prime factors of p?
17
Suppose 2*x = 4*b + 898, -b = 2*x + 5*b - 908. List the prime factors of x.
11, 41
Suppose -3*k = 5*f - 3437, f + 4590 = 4*k + 4*f. List the prime factors of k.
3, 383
Let p(j) = 2*j**3 + 8*j**2 - 6*j + 3. Let q be p(-7). Let y = q + 371. What are the prime factors of y?
2, 61
Let y(u) = -6*u - 1. Let o be y(-1). Suppose 2*l - a - 29 = 0, o = 3*a + 2. List the prime factors of l.
3, 5
Suppose 0*t + 1 = -t. List the prime factors of (t + -1)*235/(-10).
47
Let d(t) = 16*t**3 - t**2 + 10*t - 2. What are the prime factors of d(3)?
11, 41
Suppose -g = -6*g. Suppose b + 3*m = 113, g = -2*b - 2*m + 82 + 152. Let l = b - 73. What are the prime factors of l?
2, 23
Suppose 0 = -31*n + 53900 + 12037. List the prime factors of n.
3, 709
Suppose -39507 = -19*x + 16467. List the prime factors of x.
2, 3, 491
Suppose -2*z + 4*z - 84 = 0. Suppose -3*s + 47 = -w, -w + 0 - z = 2*s. List the prime factors of w/6*27/(-6).
3, 11
Let i(x) = -1. Let f(w) = -2*w + 2. Let s(q) = 4*f(q) + 20*i(q). What are the prime factors of s(-4)?
2, 5
Let m = 523 - 300. What are the prime factors of m?
223
Suppose -10 = -3*v - 2*v. Suppose -v*u + 37 - 447 = -2*l, -2*l = 5*u - 424. What are the prime factors of l?
3, 23
Suppose s + 2 = 9. Suppose 3*f 